865. Give h(8).
433
Let c(k) = -26*k**3 - 32*k**2 - 110*k - 80. Determine c(-1).
24
Let n(y) = 2272*y + 43998. Determine n(-19).
830
Let o(d) = d**2 - 36579*d - 256092. Determine o(-7).
10
Let s(p) = 10111*p - 40485. Give s(4).
-41
Let o(i) = i**2 - 2116*i - 21214. Calculate o(-10).
46
Let w(t) = -308*t**3 + 2*t**2 - 2210*t + 2211. Determine w(1).
-305
Let q(l) = l**3 - 128*l**2 + 238*l + 147. What is q(126)?
-1617
Let n(c) = -2*c**3 - 29*c**2 + 52*c + 922. Determine n(-14).
-2
Let y(w) = -275*w + 4750. What is y(22)?
-1300
Let g(h) = 5*h**2 - 506*h - 415. Calculate g(102).
-7
Let g(v) = -2*v**3 + 549*v**2 + 824*v + 1075. Give g(276).
-29
Let u(q) = 70*q**2 - 92*q - 102. Determine u(-4).
1386
Let q(f) = 2*f**3 + 212*f**2 - 102*f - 10685. Determine q(-106).
127
Let d(c) = -2726*c + 32763. Determine d(12).
51
Let p(q) = -16*q**3 + 231*q**2 - 46*q + 47. Determine p(15).
-2668
Let z(i) = -2480*i + 493. Give z(0).
493
Let c(r) = -384*r**2 + 2000*r - 124. Give c(5).
276
Let d(p) = -p**3 - 497*p**2 + 1529*p + 14421. Determine d(-500).
-79
Let c(f) = 150*f - 21616. Give c(137).
-1066
Let f(t) = -t**3 - 517*t**2 - 1628*t - 44082. Give f(-514).
122
Let c(a) = 7*a**2 - 897*a + 119. Give c(128).
-9
Let v(x) = -27*x**2 - 1157*x - 122. Determine v(-44).
-1486
Let a(y) = -y**2 - 1513*y. Give a(0).
0
Let w(z) = -67165*z + 1208897. Determine w(18).
-73
Let f(j) = -9928*j + 228308. Calculate f(23).
-36
Let x(t) = -t**2 - 1662*t - 37705. Give x(-23).
-8
Let w(c) = c**2 - 166*c + 3735. Determine w(122).
-1633
Let z(x) = -1600371*x - 16003713. What is z(-10)?
-3
Let x(v) = 8*v**2 - 533*v - 4436. Give x(74).
-70
Let y(q) = q**3 + 223*q**2 - 2570*q - 50. Give y(11).
-6
Let i(c) = -c**3 - 92*c**2 - 188*c + 762. Calculate i(-90).
1482
Let y(u) = -2*u**3 - 910*u**2 + 27043*u - 2418. Give y(-483).
-3
Let w(k) = -537*k - 89717. Calculate w(-167).
-38
Let u(c) = -6*c**2 - 8894*c + 749918. Give u(80).
-2
Let s(m) = -11*m**2 - 2795*m + 16891. What is s(6)?
-275
Let f(p) = -p**3 - 74*p**2 - 379*p + 26872. Determine f(-29).
18
Let f(i) = 14*i**2 + 11*i - 647. What is f(-11)?
926
Let z(o) = -3270*o - 1860637. Determine z(-569).
-7
Let j(u) = u**3 + 113*u**2 + 1636*u + 79. Give j(-96).
-305
Let l(c) = c**3 + 70*c**2 - 156*c + 10297. Calculate l(-74).
-63
Let r(p) = -p**3 + 39*p**2 - 4668*p + 131966. Determine r(30).
26
Let n(w) = -27*w**2 - 1631*w - 2265. Determine n(-59).
-23
Let q(r) = 13028*r + 117256. Give q(-9).
4
Let s(n) = 4*n**3 + 54*n**2 - 2*n - 870. Determine s(-12).
18
Let w(y) = 284*y - 9568. What is w(34)?
88
Let c(w) = 64812*w - 1036990. Calculate c(16).
2
Let a(q) = -2*q**3 + 168*q**2 - 3251*q + 50767. Calculate a(65).
2
Let o(u) = u**2 + 143*u + 4734. Give o(-49).
128
Let v(l) = 2*l**3 + 118*l**2 - 3996*l - 964. What is v(-83)?
32
Let m(w) = 476*w + 12218. Give m(-25).
318
Let o(i) = 6*i**2 + 464*i + 2977. Calculate o(-71).
279
Let o(y) = 2122*y - 21674. Calculate o(12).
3790
Let f(o) = 73*o - 2192. Calculate f(35).
363
Let n(k) = 20688*k - 309837. Calculate n(15).
483
Let d(x) = 261*x + 71482. Give d(-274).
-32
Let l(t) = t**3 + 44*t**2 + 51*t - 83. Calculate l(-43).
-427
Let y(g) = 2*g**3 + 30*g**2 - 135*g - 34. Give y(8).
1830
Let b(t) = 32*t**2 - 485*t + 706. Determine b(13).
-191
Let r(d) = -4*d**2 - 201*d - 3279. What is r(-15)?
-1164
Let z(u) = -2*u**3 - 209*u**2 - 3925*u - 422. What is z(-80)?
-22
Let y(h) = -1438*h + 53473. Calculate y(38).
-1171
Let b(n) = -8*n**2 - 4224*n - 29652. Give b(-7).
-476
Let u(f) = 2*f**3 + 363*f**2 - 9176*f + 824. Give u(-204).
8
Let f(p) = 1934*p + 433619. Give f(-224).
403
Let q(v) = v**3 + 5*v**2 + 835*v + 3325. Determine q(-4).
1
Let n(m) = 2964*m + 22168. What is n(-6)?
4384
Let a(i) = i**2 - 25191*i - 731258. Give a(-29).
122
Let k(d) = 6*d**2 + 171*d - 635. Determine k(9).
1390
Let v(n) = -2*n**2 + 85*n - 37. Calculate v(7).
460
Let h(z) = 6028*z + 174817. Determine h(-29).
5
Let k(x) = 1563*x - 254758. Calculate k(163).
11
Let z(x) = -7421*x - 81703. Give z(-11).
-72
Let t(d) = -5*d**3 + 36*d**2 - 32*d - 61. Give t(6).
-37
Let h(z) = -54659*z - 983821. What is h(-18)?
41
Let i(j) = 89*j**2 - 4300*j - 12181. Calculate i(51).
8
Let u(x) = -5*x**3 - 47*x**2 + 510*x - 41. Give u(-17).
2271
Let p(s) = 4118*s + 168827. Calculate p(-41).
-11
Let b(m) = 180*m + 4848. Determine b(-27).
-12
Let o(w) = -2064336*w + 2064342. Give o(1).
6
Let k(l) = -18234*l - 91180. Determine k(-5).
-10
Let a(m) = -m**3 + 20*m**2 + 69*m - 1217. What is a(19)?
455
Let r(s) = s**2 + 4717*s - 199901. Determine r(42).
-23
Let p(q) = 9*q**3 + 198*q**2 + 51*q + 136. Determine p(-22).
-986
Let c(k) = 308*k**2 - 99*k + 96. Calculate c(1).
305
Let o(i) = -13*i**2 - 1572*i - 19485. What is o(-14)?
-25
Let w(r) = -291*r**2 + 5818*r - 24. What is w(20)?
-64
Let w(r) = r**3 - 61*r**2 + 453*r - 16242. Determine w(58).
-60
Let n(p) = -426*p + 77947. Determine n(183).
-11
Let w(r) = -r**2 + 42*r + 10588. Give w(127).
-207
Let b(r) = -47*r + 13513. What is b(272)?
729
Let f(o) = -6*o**3 + 47*o**2 + 844*o - 6693. Determine f(8).
-5
Let p(v) = 2363*v - 9414. Give p(4).
38
Let y(i) = 4*i**2 + 815*i - 290463. Give y(-390).
87
Let r(p) = -9*p**3 - 647*p**2 + 112*p - 176. What is r(-72)?
-3056
Let d(q) = -2*q**2 + 49820*q - 160. What is d(0)?
-160
Let j(v) = -2*v**3 - 3*v**2 - 22*v + 4. What is j(-4)?
172
Let g(h) = 11*h - 644. Calculate g(81).
247
Let u(r) = 7*r - 104. Determine u(-31).
-321
Let y(u) = u**3 + u**2 - 1095*u + 3220. Determine y(3).
-29
Let q(d) = 167*d**2 - 263*d - 17. Give q(0).
-17
Let r(h) = -6*h**2 + 323*h + 35105. What is r(108)?
5
Let z(l) = l**3 + 309*l**2 + 14165*l - 737. Calculate z(-253).
22
Let w(x) = x**2 - 5899*x + 1423035. Calculate w(252).
-9
Let q(d) = d**3 + 125*d**2 - 224*d + 3454. Give q(-127).
-356
Let m(o) = -1927*o + 138745. Determine m(72).
1
Let b(g) = -5*g**3 + 389*g**2 + 298*g + 13845. Calculate b(79).
-59
Let w(z) = 7980*z + 119704. Give w(-15).
4
Let n(q) = -9*q**3 + 123*q**2 - 520*q - 15. Give n(4).
-703
Let g(h) = -452*h - 72932. Calculate g(-160).
-612
Let g(v) = 19*v**3 - v**2 + 3281*v - 6569. Calculate g(2).
141
Let g(l) = -15728*l + 78616. Calculate g(5).
-24
Let s(g) = 40*g**2 - 4061*g - 4065. Give s(-1).
36
Let s(u) = 2*u**2 - 64*u + 674. Determine s(10).
234
Let d(r) = r**3 - 145*r**2 - 711*r - 29106. What is d(151)?
339
Let m(u) = -u**3 + 191*u**2 - 9116*u + 19405. Determine m(109).
3
Let c(q) = -4*q**3 - 129*q**2 - 387*q - 11342. Calculate c(-32).
18
Let j(l) = -532*l + 63847. What is j(120)?
7
Let x(g) = -4*g**3 - 79*g**2 - 120*g - 1183. Give x(-19).
14
Let p(c) = -380739*c - 3807366. Determine p(-10).
24
Let y(d) = -907*d - 4219. Calculate y(-4).
-591
Let t(p) = 14*p**2 + 8093*p - 23897. Calculate t(-581).
-76
Let y(h) = 1731*h + 264748. Give y(-153).
-95
Let p(b) = b**3 - 989*b**2 + 5919*b - 20642. Calculate p(983).
1
Let o(n) = -1580*n + 573549. What is o(363)?
9
Let g(f) = -363*f + 10294. Give g(29).
-233
Let u(x) = -x**3 + 41*x**2 + 2819*x - 27962. What is u(9)?
1
Let z(d) = -1346*d - 13460. Determine z(-10).
0
Let m(n) = 36638*n - 219822. What is m(6)?
6
Let c(j) = 8*j**2 + 19*j - 7. Calculate c(15).
2078
Let o(n) = 2*n**3 - 76*n**2 + 676*n - 334. Determine o(13).
4
Let b(x) = 2*x**2 + 34*x - 1127. Determine b(16).
-71
Let b(z) = -69*z**2 - 2540*z + 35. Determine b(-37).
-446
Let b(u) = 4*u**2 - 717*u + 2991. Determine b(175).
16
Let g(o) = 6*o**3 - 17*o**2 - 116*o + 17. What is g(-7)?
-2062
Let p(g) = 635*g - 106191. Give p(167).
-146
Let r(c) = 34*c**2 - 371*c - 1. Give r(0).
-1
Let a(s) = 3*s**2 - 208*s - 6724. Determine a(-24).
-4
Let b(k) = 310*k + 8072. What is b(-26)?
12
Let f(n) = -n**3 - 124*n**2 + 1035*n + 128342. Determine f(-124).
2
Let i(q) = q**2 - 423*q + 33166. Calculate i(104).
-10
Let i(y) = 6094*y - 225524. Determine i(37).
-46
Let j(c) = 21998*c + 44006. Give j(-2).
10
Let p(u) = -5433*u + 1524. Determine p(0).
1524
Let j(f) = -73108*f - 584870. Give j(-8).
-6
Let k(g) = 62*g**2 + 214*g - 30. Calculate k(-4).
106
Let d(m) = 169323*m + 507985. Calculate d(-3).
16
Let r(j) = -6*j**2 + 1265*j + 10751. What is r(219)?
20
Let s(f) = 105*f + 9118. Determine s(-94).
-752
Let p(i) = -499*i - 53844. Calculate p(-108).
48
Let f(r) = 4*r**3 - 16*r**2 - 880*r - 23. What is f(-13)?
-75
Let m(l)